 be the third derivative of 2*y**2 + 0*y + 1/8*y**4 + 0 - 1/60*y**5 + 0*y**3. Determine a(3).
0
Let w(t) = -t + 1. Suppose 0 = a - 0*a - 2. Let g be (-30)/(-18) + a/(-3). Suppose -r = -0 - g. Give w(r).
0
Let f(u) = 2*u**3 + u**2 - 1. Let w(l) = -l - 2. Let o(t) = 3*t**3 - t**2 - t. Let z be o(-1). Let h be w(z). Calculate f(h).
2
Let x(a) be the second derivative of a**5/20 + a**4/4 + a**3/3 + a**2 - 3*a. Give x(-2).
2
Suppose s - 18 = 4*s. Let u = 3 + s. Let n(h) = h - 2. Give n(u).
-5
Let r(t) = t**2 + t - 1. Let j(f) = 2*f - 10. Let u be j(7). Let g = 5 - u. What is r(g)?
1
Let g(d) = -d**2 + 4. Let v = -20 - -35. Let u(x) = x**2 - 14*x - 15. Let k be u(v). What is g(k)?
4
Let o(t) = 2 - 2 + 91*t - t**2 - 94*t. Suppose -2*m - 7 = 1. What is o(m)?
-4
Let y(i) be the second derivative of i**5/4 + 5*i**4/12 + i**3/2 + i**2/2 + 2*i. Let a(n) = -n**3 - n**2. Let k(c) = 6*a(c) + y(c). Determine k(-2).
-1
Let z(v) = -v - 4. Let h be z(-9). Let k(o) = -o**2 + 3*o. Calculate k(h).
-10
Let a(z) = -z**2 - 8*z - 6. Let r(y) = 3*y + 12. Let d = -19 - -13. Let j be r(d). Determine a(j).
6
Let o(z) be the second derivative of z**4/12 - 7*z**3/6 + 3*z**2 + 4*z. Give o(6).
0
Suppose -11 = -i - 5*r, -2*r = -4*i - 0*r. Let g(k) = k**2 - 7*k**2 + i + 0. Let y be 4/(-12)*-3*-1. Calculate g(y).
-5
Let p(c) = -c**3 - c**2 - c + 9. Let m = 12 - 54. Let k be 6/m + 1/7. What is p(k)?
9
Let g(b) be the first derivative of b**4/4 - b**3/3 - b**2/2 + 2*b + 1. Suppose -9 = 4*u - 3*i, -3*u + 4*u - 5*i + 15 = 0. Calculate g(u).
2
Let p(c) = 4*c**2 + 0 - 5 + 2 + c**3 + 3*c. Let w be (7 + -8)*(-6 - -1). Suppose w*r = 4*o - 7, 2*o - 6 = -5*r - 25. Give p(r).
-3
Let u(k) be the second derivative of -1/2*k**2 + 0 + 1/120*k**6 + 1/24*k**4 - 1/15*k**5 + 1/6*k**3 + k. Let q(w) be the first derivative of u(w). What is q(4)?
5
Let w be 1/(63/60) + (-4)/14. Let b(v) be the third derivative of -v**2 + 1/12*v**5 + 0*v + 1/120*v**6 + 0 - 1/12*v**4 - w*v**3. What is b(-5)?
6
Let x(w) be the third derivative of w**4/24 + 4*w**3/3 + 11*w**2. Determine x(-4).
4
Let x(j) be the third derivative of -j**4/12 + j**3/3 - 22*j**2. Calculate x(4).
-6
Let j(o) = o**2 - 29. Let g be j(0). Let f = -18 - g. Suppose 3*d - f = 1. Let a(r) = -r**3 + 3*r**2 + 3*r - 2. Determine a(d).
-6
Let m(x) = x**2 + 8*x + 10. Suppose 2*s + 8 = 2*v, -4*v - 23 = 2*s - v. Calculate m(s).
3
Let h(q) = -q**2 - 2*q + 2. Let t(g) = -g**3 + 7*g**2 + 9*g - 7. Let z(j) = 4*h(j) + t(j). Let d(k) = k**2 + 10*k - 2*k + 0*k**2 + 3. Let x be d(-8). Give z(x).
4
Let i = 2 + -4. Let g(r) = 0*r + 2 + 5*r**2 + 4*r**2 - 12*r**2 - r. Give g(i).
-8
Let h(p) = p + 3*p + 1 + 6*p - 14*p. Let u = -3 + 4. Determine h(u).
-3
Let u(l) = 3*l**3 + 20*l**2 - 11*l + 20. Let c(i) = i**3 + 7*i**2 - 4*i + 7. Let b(g) = 11*c(g) - 4*u(g). Give b(-4).
13
Let b(o) = -13*o - 1. Let q be b(1). Let f = -8 - q. Let a(r) = r - 3*r + r + 2 + 3. Determine a(f).
-1
Suppose 6*f = -3*f - 9. Let d(a) = 11*a. Determine d(f).
-11
Let h(v) be the second derivative of -v**4/12 + v**2/2 + 16*v. What is h(3)?
-8
Let b(i) be the second derivative of 1/5*i**5 + 1/3*i**3 + 3*i + 0 - 1/2*i**2 - 1/6*i**4. Give b(1).
3
Let u(m) = -2*m**3 - m + 3*m**3 - 5 + 1. Suppose 4*b = -4*y, 5*y = 4*y - 2*b. What is u(y)?
-4
Let d(f) = -f. Let p(m) = m + 1. Let t(q) = 3*d(q) + 2*p(q). Calculate t(-6).
8
Let o(a) be the first derivative of 2 + 11*a - 1/3*a**3 - 1/2*a**2. Suppose -5*y = 5*p + 25, 3*p = y + 2 + 3. Give o(p).
11
Let x(t) = -17*t**2 - 5*t - 14. Let a(h) = 6*h**2 + 2*h + 5. Let u(l) = 11*a(l) + 4*x(l). Determine u(3).
-13
Let z be (-5)/(-2) + 1/(-2). Let x(b) = 4 - 2 - b + z. Let r be -5 + 7 - 2 - 0. Calculate x(r).
4
Let w(b) = b**2 - 5*b - 3. Suppose -3*g = g - 4*n + 8, 4*g + n - 12 = 0. Let f be g/(-8) + 34/8. Let z be 1/((f/(-10))/(-2)). What is w(z)?
-3
Let s(v) be the third derivative of v**4/24 + v**3/3 + 2*v**2. Suppose -2*w + 15 = w - 3*m, 15 = 3*w + 2*m. Let r = w - 3. Calculate s(r).
4
Let f be (-36)/(-12) - (-2)/(-2). Let b(w) = -f + 1 - 2 + 8 - 2*w. Calculate b(6).
-7
Let t(l) be the third derivative of 0*l - 2*l**2 - 1/10*l**5 + 1/6*l**3 + 0 + 1/120*l**6 + 5/24*l**4. Let g = 2 + 3. What is t(g)?
1
Let u(v) = -v**3 - 9*v**2 + 9*v - 6. Let c be u(-10). Let f(x) = 1 + 6 - x - 3. Let o(r) = r - 4. Let y(t) = c*f(t) + 3*o(t). Calculate y(5).
-1
Suppose w + 5 = -4*w. Let k be w/((-3)/(-27)*3). Let b be 1/((-3)/54*k). Let u(v) = -v**3 + 7*v**2 - 5*v - 6. What is u(b)?
0
Let q be (-20)/(-9) + 10/(-45). Let j(d) = -2*d**3 + 10*d**2 - 4*d - 3. Let y(l) = -l**3 + 5*l**2 - 2*l - 1. Let g(r) = q*j(r) - 5*y(r). Determine g(4).
-9
Let t(g) = g**2 + 10*g + 15. Let y be t(-8). Let l(k) = -3*k**3 - 2*k**2 + 1. Calculate l(y).
2
Let x(s) = s**3 + 6*s**2 + 5*s + 2. Let f be x(-5). Let z(o) = -14*o - 11. Let c(t) = -5*t - 4. Let y(q) = -8*c(q) + 3*z(q). Determine y(f).
-5
Let w = 11 + -11. Let a(r) = -r. Give a(w).
0
Let y(t) = t + 3. Let d be (4/(-12))/((-3)/45). Suppose d*j = -12 + 2. Give y(j).
1
Suppose -2*u - s = -11, 5 = 5*s - 4*s. Let t(h) = 1739*h - 1741*h - 6 + 5*h**2 + 2 - 4*h**2. Give t(u).
-1
Let j(r) = -r**3 - 8*r**2. Let p be j(-8). Let b be 1 - (-1 + p + 4). Let w(g) = -5*g - 2. Determine w(b).
8
Let m(t) be the first derivative of t**4/12 + t**3/2 + 3*t**2/2 + t - 1. Let o(x) be the first derivative of m(x). Suppose -5*a - 1 - 14 = 0. What is o(a)?
3
Let c(r) = -r**3 + 5*r**2 - 2*r + 1. Let f be c(4). Suppose -3*l - l - j = -11, l - j - f = 0. Let p(v) = v**3 - 3*v**2 - v - 5. Determine p(l).
7
Let a(z) = -z**3 - z**2 + 4*z. Let g(l) = -2*l**2 - 4*l + 3. Let n be g(-3). Give a(n).
6
Suppose v + 20 = 5*v. Suppose -j - 2*j + 23 = -4*n, -v*n = -2*j + 20. Let i be n/(-5) + (-54)/10. Let s(t) = -t - 11. Determine s(i).
-6
Suppose -c + 4 = -2*n + n, c - 5*n + 4 = 0. Let k(j) = 8 + 2 + c*j**2 - 9 - j**3. What is k(6)?
1
Suppose -a = 3*a + 2*m - 20, 0 = 4*a - 5*m - 34. Let h(r) = r**2 - 8*r + 3*r - 10 + 2. Determine h(a).
-2
Let r(b) = b**2 - 4*b - 10. Let h(d) = 1. Let x(f) = 4*h(f) + r(f). Let v be (12/15)/((-6)/(-45)). Determine x(v).
6
Let p(y) = 2*y**2 + 14*y + 12. Let g be p(-5). Let l(x) = -x - 10. Calculate l(g).
-2
Let z be (-1 + 4/1)*1. Let o(v) be the second derivative of v**5/60 - v**4/8 - v**3/6 + 3*v**2/2 - 2*v. Let w(t) be the first derivative of o(t). What is w(z)?
-1
Let y(m) = 5*m. Suppose 0 = 6*o - 8 - 4. Calculate y(o).
10
Let w be 4/(-2) + 2 - 2. Let r be -1 - -2 - (-2)/(-1). Let n be (r/w)/((-4)/8). Let u(o) = -4*o**3 - o**2 + 1. Calculate u(n).
4
Let k(r) = 2*r - 3. Let l be k(3). Let c = -28 + 32. Let u(o) = -c - o - o + o. What is u(l)?
-7
Let l be (4/8)/(2/12). Let v(h) = -16 + 58 - 22 - 4*h - 16. Determine v(l).
-8
Let k(g) be the second derivative of -2*g**5/5 - g**3/3 - g**2/2 + 3*g. Suppose -3*z + 16 = 1. Suppose 1 = -z*w - 4. Calculate k(w).
9
Let d(h) be the third derivative of h**5/60 + h**4/3 + 2*h**3/3 - h**2. Let m(g) = -2*g**2 + 3*g**2 - 2 + 6 + 9*g. Let q(i) = 5*d(i) - 4*m(i). What is q(-5)?
9
Let u(o) = o - 4. Let x(a) = -7*a**3 - 2*a**2 - a. Let r be x(-1). Let c be (-1 + 9/r)*6. Calculate u(c).
-1
Let r(l) = 6*l + 0*l - l + 1. Let n be r(1). Let a(y) = 20*y - 30. Let m(o) = 7*o - 10. Let f(d) = -6*a(d) + 17*m(d). What is f(n)?
4
Let a(u) be the second derivative of u**4/12 - u**3/6 + 4*u**2 + u. Suppose -2*x = 2*x + 32. Let l = x + 8. Determine a(l).
8
Let u(k) = -k**2 + 6*k - 2. Let c(g) = -g. Let z be c(-1). Suppose -n = -m - 10, -n + z = m - 1. What is u(n)?
-2
Let z(x) = 14*x**3 + 27*x**2 - 13*x + 16. Let m(w) = 5*w**3 + 9*w**2 - 4*w + 5. Let q(a) = 17*m(a) - 6*z(a). What is q(8)?
5
Suppose 0 = -2*t - 2*o + 6, 4*t - 3*o = 2 + 3. Let c(a) = 5*a**t + a**3 - a - 4 - a + 4*a. Let r = -17 - -12. What is c(r)?
-14
Let o(c) be the first derivative of -4*c + 3 + 1/2*c**2. Let y = -23 - -23. Give o(y).
-4
Let q(t) = t + 12. Let n(o) = o + 11. Let p(d) = 6*n(d) - 5*q(d). Calculate p(-6).
0
Let s(k) be the second derivative of -k**3/6 - 4*k**2 - 10*k. Determine s(0).
-8
Let i be 6 + -1 - (0 - -2). Let f(p) = -7*p**2 - p - 4. Let d(k) = 6*k**2 + 4. Let j(z) = -5*d(z) - 4*f(z). Determine j(i).
-10
Suppose -12 = 3*y - 3*x, -2*y + 2*x - 3 = -y. Let m be 70/(-9) - 6/27. Let k = y - m. Let b(s) = -s**3 + 4*s**2 - 3*s + 2. Determine b(k).
2
Let a